{"id":7128,"date":"2019-12-12T09:25:07","date_gmt":"2019-12-12T09:25:07","guid":{"rendered":"https:\/\/the7.io\/fashion-blog\/?page_id=347"},"modified":"2025-03-14T17:08:27","modified_gmt":"2025-03-14T16:08:27","slug":"a-propos","status":"publish","type":"page","link":"https:\/\/www.sweetmaloryne.com\/boutique\/a-propos\/","title":{"rendered":"A propos"},"content":{"rendered":"\t\t<div data-elementor-type=\"wp-page\" data-elementor-id=\"7128\" class=\"elementor elementor-7128\" data-elementor-post-type=\"page\">\n\t\t\t\t\t\t<section class=\"elementor-section elementor-top-section elementor-element elementor-element-0f1ca5f elementor-section-boxed elementor-section-height-default elementor-section-height-default\" data-id=\"0f1ca5f\" data-element_type=\"section\">\n\t\t\t\t\t\t<div class=\"elementor-container elementor-column-gap-wider\">\n\t\t\t\t\t<div class=\"elementor-column elementor-col-100 elementor-top-column elementor-element elementor-element-d41f186\" data-id=\"d41f186\" data-element_type=\"column\">\n\t\t\t<div class=\"elementor-widget-wrap elementor-element-populated\">\n\t\t\t\t\t\t<div class=\"elementor-element elementor-element-2dbed20 elementor-widget elementor-widget-heading\" data-id=\"2dbed20\" data-element_type=\"widget\" data-widget_type=\"heading.default\">\n\t\t\t\t<div class=\"elementor-widget-container\">\n\t\t\t\t\t<h3 class=\"elementor-heading-title elementor-size-default\">A propos<\/h3>\t\t\t\t<\/div>\n\t\t\t\t<\/div>\n\t\t\t\t<div class=\"elementor-element elementor-element-02341d8 elementor-widget elementor-widget-text-editor\" data-id=\"02341d8\" data-element_type=\"widget\" data-widget_type=\"text-editor.default\">\n\t\t\t\t<div class=\"elementor-widget-container\">\n\t\t\t\t\t\t\t\t\t<div class=\"row\"><p>Sweet Maloryne c\u2019est l\u2019histoire d\u2019une passion et d\u2019une ambition ; celle de vous accompagner dans vos envies de d\u00e9coration de l\u2019esprit \u00ab maison de famille \u00bb, aux inspirations brocante, ethnique, scandinave, boh\u00e8me ou r\u00e9tro, afin d\u2019apporter \u00e0 vos int\u00e9rieurs, mais aussi dans les \u00e9v\u00e8nements de votre vie (mariage, r\u00e9ception&#8230;), un suppl\u00e9ment de po\u00e9sie et d\u2019enchantement. Sweet Maloryne ce sont des marques et des cr\u00e9ateurs choisis au coup de c\u0153ur afin de vous projeter dans une d\u00e9coration loin des offres standardis\u00e9es et de vous permettre d\u2019exprimer ce suppl\u00e9ment d\u2019\u00e2me et un retour aux sources, qui rendra votre quotidien encore plus agr\u00e9able.<\/p><p>Me concernant, je m\u2019appelle Jenny, j\u2019ai 35 ans (en 2017!), et je vis depuis ma tendre enfance, dans le doux pays de Bitche en Moselle. Je suis l\u2019heureuse maman de deux choupettes pr\u00e9nomm\u00e9es Shearlyne 11 ans et Malo\u00e9 2 ans. C\u2019est d\u00e9but 2016, apr\u00e8s un licenciement \u00e9conomique et la naissance de ma seconde fille, que mon entourage m&rsquo;a encourag\u00e9 \u00e0 cr\u00e9er Sweet Maloryne (vous l\u2019aurez sans doute compris, \u00ab Maloryne \u00bb est un clin d\u2019\u0153il aux pr\u00e9noms de mes enfants).<\/p><p>Apr\u00e8s des semaines de r\u00e9flexion et des mois de travail, le r\u00eave devient r\u00e9alit\u00e9. Ce nouveau d\u00e9fi est avant tout une envie de partage et de concevoir la vie comme une succession de petits plaisirs simples&#8230; ma conception du Bonheur.<\/p><\/div>\t\t\t\t\t\t\t\t<\/div>\n\t\t\t\t<\/div>\n\t\t\t\t<div class=\"elementor-element elementor-element-b8d53ca elementor-widget__width-auto elementor-widget elementor-widget-button\" data-id=\"b8d53ca\" data-element_type=\"widget\" data-widget_type=\"button.default\">\n\t\t\t\t<div class=\"elementor-widget-container\">\n\t\t\t\t\t\t\t\t\t<div class=\"elementor-button-wrapper\">\n\t\t\t\t\t<a class=\"elementor-button elementor-button-link elementor-size-xs\" href=\"https:\/\/www.sweetmaloryne.com\/boutique\/contact\/\">\n\t\t\t\t\t\t<span class=\"elementor-button-content-wrapper\">\n\t\t\t\t\t\t\t\t\t<span class=\"elementor-button-text\">Contactez-moi !<\/span>\n\t\t\t\t\t<\/span>\n\t\t\t\t\t<\/a>\n\t\t\t\t<\/div>\n\t\t\t\t\t\t\t\t<\/div>\n\t\t\t\t<\/div>\n\t\t\t\t\t<\/div>\n\t\t<\/div>\n\t\t\t\t\t<\/div>\n\t\t<\/section>\n\t\t\t\t<\/div>\n\t\t","protected":false},"excerpt":{"rendered":"<p>A propos Sweet Maloryne c\u2019est l\u2019histoire d\u2019une passion et d\u2019une ambition ; celle de vous accompagner dans vos envies de d\u00e9coration de l\u2019esprit \u00ab maison de famille \u00bb, aux inspirations brocante, ethnique, scandinave, boh\u00e8me ou r\u00e9tro, afin d\u2019apporter \u00e0 vos int\u00e9rieurs, mais aussi dans les \u00e9v\u00e8nements de votre vie (mariage, r\u00e9ception&#8230;), un suppl\u00e9ment de po\u00e9sie&hellip;<\/p>\n","protected":false},"author":1,"featured_media":0,"parent":0,"menu_order":0,"comment_status":"closed","ping_status":"closed","template":"","meta":{"footnotes":""},"class_list":["post-7128","page","type-page","status-publish","hentry"],"_links":{"self":[{"href":"https:\/\/www.sweetmaloryne.com\/boutique\/wp-json\/wp\/v2\/pages\/7128","targetHints":{"allow":["GET"]}}],"collection":[{"href":"https:\/\/www.sweetmaloryne.com\/boutique\/wp-json\/wp\/v2\/pages"}],"about":[{"href":"https:\/\/www.sweetmaloryne.com\/boutique\/wp-json\/wp\/v2\/types\/page"}],"author":[{"embeddable":true,"href":"https:\/\/www.sweetmaloryne.com\/boutique\/wp-json\/wp\/v2\/users\/1"}],"replies":[{"embeddable":true,"href":"https:\/\/www.sweetmaloryne.com\/boutique\/wp-json\/wp\/v2\/comments?post=7128"}],"version-history":[{"count":21,"href":"https:\/\/www.sweetmaloryne.com\/boutique\/wp-json\/wp\/v2\/pages\/7128\/revisions"}],"predecessor-version":[{"id":44164,"href":"https:\/\/www.sweetmaloryne.com\/boutique\/wp-json\/wp\/v2\/pages\/7128\/revisions\/44164"}],"wp:attachment":[{"href":"https:\/\/www.sweetmaloryne.com\/boutique\/wp-json\/wp\/v2\/media?parent=7128"}],"curies":[{"name":"wp","href":"https:\/\/api.w.org\/{rel}","templated":true}]}}