{"id":20302,"date":"2022-11-02T15:55:37","date_gmt":"2022-11-02T14:55:37","guid":{"rendered":"https:\/\/www.sweetmaloryne.com\/boutique\/?post_type=product&#038;p=20302"},"modified":"2023-01-12T15:03:46","modified_gmt":"2023-01-12T14:03:46","slug":"mule-ane-a-hochet-anneau-15cm","status":"publish","type":"product","link":"https:\/\/www.sweetmaloryne.com\/boutique\/produit\/mule-ane-a-hochet-anneau-15cm\/","title":{"rendered":"Mule \u00c2ne \u00e0 Hochet Anneau 15cm"},"content":{"rendered":"<div data-v-5b499ba3=\"\"><strong data-v-5b499ba3=\"\">Description<\/strong><\/p>\n<div data-v-5b499ba3=\"\">\n<p class=\"description__description\" data-v-5b499ba3=\"\">My First NICI Donkey Muli est une peluche et un amuseur \u00e0 la fois. La peluche douce NICI assure une sensation agr\u00e9able lors de la prise et des c\u00e2lins. Le hochet de l&rsquo;anneau est rempli de boules color\u00e9es, que vous pouvez regarder quand elles tournent en cercle et sonnent de fa\u00e7on amusante.<\/p>\n<\/div>\n<div class=\"description\" data-v-5b499ba3=\"\"><strong data-v-5b499ba3=\"\">Dimensions<\/strong><\/p>\n<p class=\"description__description\" data-v-5b499ba3=\"\">15,0 cm (h) x 5,5 cm (l) x 8,0 cm (l)<\/p>\n<\/div>\n<div class=\"description\" data-v-5b499ba3=\"\"><strong data-v-5b499ba3=\"\">Poids net<\/strong><\/p>\n<p class=\"description__description\" data-v-5b499ba3=\"\">40<\/p>\n<\/div>\n<\/div>\n","protected":false},"excerpt":{"rendered":"<p>Description My First NICI Donkey Muli est une peluche et un amuseur \u00e0 la fois. La peluche douce NICI assure une sensation agr\u00e9able lors de la prise et des c\u00e2lins. Le hochet de l&rsquo;anneau est rempli de boules color\u00e9es, que vous pouvez regarder quand elles tournent en cercle et sonnent de fa\u00e7on amusante. Dimensions 15,0&hellip;<\/p>\n","protected":false},"featured_media":20304,"template":"","meta":[],"product_brand":[],"product_cat":[41],"product_tag":[],"class_list":{"0":"post-20302","1":"product","2":"type-product","3":"status-publish","4":"has-post-thumbnail","6":"product_cat-kids","7":"description-off","9":"first","10":"instock","11":"shipping-taxable","12":"purchasable","13":"product-type-simple"},"_links":{"self":[{"href":"https:\/\/www.sweetmaloryne.com\/boutique\/wp-json\/wp\/v2\/product\/20302","targetHints":{"allow":["GET"]}}],"collection":[{"href":"https:\/\/www.sweetmaloryne.com\/boutique\/wp-json\/wp\/v2\/product"}],"about":[{"href":"https:\/\/www.sweetmaloryne.com\/boutique\/wp-json\/wp\/v2\/types\/product"}],"wp:featuredmedia":[{"embeddable":true,"href":"https:\/\/www.sweetmaloryne.com\/boutique\/wp-json\/wp\/v2\/media\/20304"}],"wp:attachment":[{"href":"https:\/\/www.sweetmaloryne.com\/boutique\/wp-json\/wp\/v2\/media?parent=20302"}],"wp:term":[{"taxonomy":"product_brand","embeddable":true,"href":"https:\/\/www.sweetmaloryne.com\/boutique\/wp-json\/wp\/v2\/product_brand?post=20302"},{"taxonomy":"product_cat","embeddable":true,"href":"https:\/\/www.sweetmaloryne.com\/boutique\/wp-json\/wp\/v2\/product_cat?post=20302"},{"taxonomy":"product_tag","embeddable":true,"href":"https:\/\/www.sweetmaloryne.com\/boutique\/wp-json\/wp\/v2\/product_tag?post=20302"}],"curies":[{"name":"wp","href":"https:\/\/api.w.org\/{rel}","templated":true}]}}