{"id":25915,"date":"2023-05-02T10:24:42","date_gmt":"2023-05-02T08:24:42","guid":{"rendered":"https:\/\/www.sweetmaloryne.com\/boutique\/?post_type=product&#038;p=25915"},"modified":"2026-01-01T11:05:32","modified_gmt":"2026-01-01T10:05:32","slug":"bracelet-energie-pyrite-2","status":"publish","type":"product","link":"https:\/\/www.sweetmaloryne.com\/boutique\/produit\/bracelet-energie-pyrite-2\/","title":{"rendered":"Bracelet Energie Pyrite"},"content":{"rendered":"<p>Notre bracelet \u00c9nergie en Pyrite aide \u00e0 retrouver toute la force et la vitalit\u00e9 n\u00e9cessaire pour effectuer des activit\u00e9s quotidiennes sans aucun souci. V\u00e9ritable anti-fatigue, il redonne du tonus et de l&rsquo;\u00e9nergie. Vous ressentez des baisses d\u2019\u00e9nergie et de motivation provoqu\u00e9es par l\u2019accumulation de petits probl\u00e8mes du quotidien ? Le bracelet Energie est parfait pour un regain d\u2019\u00e9nergie et une sant\u00e9 remise d&rsquo;aplomb.<\/p>\n<p>Ce bracelet se purifie dans de l\u2019eau ou par fumigation. Pour le recharger, il suffit de l\u2019exposer au soleil.<\/p>\n<p>Pierre gemme de l\u2019\u00e9l\u00e9ment terre, sa couleur dor\u00e9e repr\u00e9sente la jeunesse.<br \/>\nLe bracelet \u00c9nergie en Pyrite active le chakra plexus solaire, li\u00e9 \u00e0 l\u2019affirmation de soi, \u00e0 la personnalit\u00e9, \u00e0 la volont\u00e9 et \u00e0 l\u2019ego.<br \/>\nLa Pyrite est li\u00e9e au syst\u00e8me h\u00e9patique.<br \/>\nCette pierre est attribu\u00e9e aux signes du zodiaque G\u00e9meaux, Lion et Balance.<\/p>\n<p>Pierre : Pyrite<br \/>\nCouleur : brun dor\u00e9, \u00e9clat m\u00e9tallique<br \/>\nDiam\u00e8tre des pierres : 4 mm<br \/>\nDuret\u00e9 : 6 \u00e0 6,5<br \/>\nComposition : disulfure de fer (FeS2)<br \/>\nLongueur du bracelet : 17 cm<br \/>\nMontage : sur \u00e9lastique<br \/>\nAucune pr\u00e9sence de m\u00e9tal afin de ne pas interf\u00e9rer avec les propri\u00e9t\u00e9s lithoth\u00e9rapeutiques des pierres.<br \/>\nNos pierres naturelles sont choisies avec soin selon notre charte qualit\u00e9 pour leur durabilit\u00e9 et leur beaut\u00e9.<\/p>\n","protected":false},"excerpt":{"rendered":"<p>Notre bracelet \u00c9nergie en Pyrite aide \u00e0 retrouver toute la force et la vitalit\u00e9 n\u00e9cessaire pour effectuer des activit\u00e9s quotidiennes sans aucun souci. V\u00e9ritable anti-fatigue, il redonne du tonus et de l&rsquo;\u00e9nergie. Vous ressentez des baisses d\u2019\u00e9nergie et de motivation provoqu\u00e9es par l\u2019accumulation de petits probl\u00e8mes du quotidien ? Le bracelet Energie est parfait pour&hellip;<\/p>\n","protected":false},"featured_media":25919,"template":"","meta":[],"product_brand":[],"product_cat":[22,24,49,69,20],"product_tag":[],"class_list":{"0":"post-25915","1":"product","2":"type-product","3":"status-publish","4":"has-post-thumbnail","6":"product_cat-destockage","7":"product_cat-bijoux","8":"product_cat-bracelets","9":"product_cat-for-men","10":"product_cat-lifestyle","11":"description-off","13":"first","14":"instock","15":"sale","16":"shipping-taxable","17":"purchasable","18":"product-type-simple"},"_links":{"self":[{"href":"https:\/\/www.sweetmaloryne.com\/boutique\/wp-json\/wp\/v2\/product\/25915","targetHints":{"allow":["GET"]}}],"collection":[{"href":"https:\/\/www.sweetmaloryne.com\/boutique\/wp-json\/wp\/v2\/product"}],"about":[{"href":"https:\/\/www.sweetmaloryne.com\/boutique\/wp-json\/wp\/v2\/types\/product"}],"wp:featuredmedia":[{"embeddable":true,"href":"https:\/\/www.sweetmaloryne.com\/boutique\/wp-json\/wp\/v2\/media\/25919"}],"wp:attachment":[{"href":"https:\/\/www.sweetmaloryne.com\/boutique\/wp-json\/wp\/v2\/media?parent=25915"}],"wp:term":[{"taxonomy":"product_brand","embeddable":true,"href":"https:\/\/www.sweetmaloryne.com\/boutique\/wp-json\/wp\/v2\/product_brand?post=25915"},{"taxonomy":"product_cat","embeddable":true,"href":"https:\/\/www.sweetmaloryne.com\/boutique\/wp-json\/wp\/v2\/product_cat?post=25915"},{"taxonomy":"product_tag","embeddable":true,"href":"https:\/\/www.sweetmaloryne.com\/boutique\/wp-json\/wp\/v2\/product_tag?post=25915"}],"curies":[{"name":"wp","href":"https:\/\/api.w.org\/{rel}","templated":true}]}}