{"id":25920,"date":"2023-05-02T10:29:44","date_gmt":"2023-05-02T08:29:44","guid":{"rendered":"https:\/\/www.sweetmaloryne.com\/boutique\/?post_type=product&#038;p=25920"},"modified":"2026-01-01T11:05:32","modified_gmt":"2026-01-01T10:05:32","slug":"bracelet-courage-oeil-de-taureau","status":"publish","type":"product","link":"https:\/\/www.sweetmaloryne.com\/boutique\/produit\/bracelet-courage-oeil-de-taureau\/","title":{"rendered":"Bracelet Courage \u0152il de Taureau"},"content":{"rendered":"<p>La vie nous place parfois dans des situations o\u00f9 le courage est n\u00e9cessaire pour relever ses d\u00e9fis. Proposez \u00e0 vos clients un bracelet en pierre naturelle d\u2019un beau bordeaux profond, qui les aidera \u00e0 avoir confiance en leur capacit\u00e9s.<\/p>\n<p>Le bracelet Courage en \u0153il de taureau est un bijou con\u00e7u en pierres d&rsquo;\u0153il de taureau naturelles, choisies pour leur qualit\u00e9 exceptionnelle et leur beaut\u00e9 remarquable. Chaque pierre est taill\u00e9e et polie avec soin pour r\u00e9v\u00e9ler ses reflets chatoyants et ses nuances profondes, cr\u00e9ant ainsi un bijou \u00e0 la fois \u00e9l\u00e9gant et puissant.<\/p>\n<p>L&rsquo;\u0153il de taureau est une pierre r\u00e9put\u00e9e en lithoth\u00e9rapie pour ses propri\u00e9t\u00e9s protectrices, qui agissent comme un bouclier contre les \u00e9nergies n\u00e9gatives et les influences malveillantes. L\u2019\u0153il de Taureau favorise le courage, l&rsquo;audace et l&rsquo;autonomie, en aidant celui qui la porte \u00e0 oser, \u00e0 affirmer ses choix et \u00e0 prendre sa vie en main.<\/p>\n<p>Le bracelet Courage en \u0153il de taureau est ainsi un alli\u00e9 pr\u00e9cieux pour se lib\u00e9rer des peurs et des doutes qui nous entravent, et pour se donner les moyens d&rsquo;atteindre nos objectifs avec confiance et d\u00e9termination.<\/p>\n<p>Ses vertus protectrices et \u00e9nergisantes donne le courage et la force de r\u00e9aliser nos r\u00eaves les plus audacieux.<\/p>\n<p>L\u2019\u0153il de taureau favorise la protection des biens mat\u00e9riels, en \u00e9loignant les influences n\u00e9gatives et les risques de vol ou de perte.<\/p>\n<p>Le bracelet Courage en \u0153il de taureau est un choix de premier ordre pour tous ceux qui recherchent un bijou \u00e0 la fois esth\u00e9tique et efficace sur le plan \u00e9nerg\u00e9tique. Il est \u00e9galement id\u00e9al comme cadeau symbolique pour un \u00eatre cher, t\u00e9moignant ainsi de votre estime et de votre d\u00e9sir de lui offrir un pr\u00e9sent hautement significatif.<\/p>\n<p>Sur le plan physique, la lithoth\u00e9rapie lie l\u2019\u0153il de taureau au chakra racine, qui favorise un bon ancrage, et au plexus solaire, qui nous apporte confiance, joie, et enthousiasme en favorisant une respiration plus libre. On lui attribue ainsi des vertus antifatigue et des propri\u00e9t\u00e9s positives sur le dos.<\/p>\n<p>Caract\u00e9ristiques du bracelet Courage \u0152il de Taureau<\/p>\n<p>Pierre : \u0152il de Taureau<br \/>\nCouleur : bordeaux<br \/>\nDuret\u00e9 : 7<br \/>\nComposition : dioxyde de silicium (SiO2), crocidolite.<br \/>\nDiam\u00e8tre des pierres : 4 mm<br \/>\nLongueur du bracelet : 17 cm<\/p>\n<p>Montage : sur \u00e9lastique<br \/>\nAucune pr\u00e9sence de m\u00e9tal afin de ne pas interf\u00e9rer avec les propri\u00e9t\u00e9s lithoth\u00e9rapeutiques des pierres.<\/p>\n<p>Nos pierres naturelles sont choisies avec soin selon notre charte qualit\u00e9 pour leur durabilit\u00e9 et leur beaut\u00e9.<\/p>\n<p>Propri\u00e9t\u00e9s du bracelet Courage \u0152il de Taureau<\/p>\n<p>Chakras : Racine, plexus solaire<br \/>\nOrganes associ\u00e9s : Circulation sanguine, fatigue, dos<br \/>\n\u00c9l\u00e9ment associ\u00e9 : Terre, feu<br \/>\nSignes astrologiques associ\u00e9s : B\u00e9lier, Taureau, Scorpion<\/p>\n<p>Purification et rechargement<\/p>\n<p>Vous pouvez prendre soin de votre bracelet Courage en \u0152il de Taureau en le purifiant avec sous l\u2019eau courante ou par fumigation \u00e0 la sauge blanche ou au bois de Palo Santo. La lumi\u00e8re du soleil du matin le rechargera.<\/p>\n<p>Avertissement<\/p>\n<p>La lithoth\u00e9rapie est un art ancestral de m\u00e9decine douce. Elle vise non pas \u00e0 gu\u00e9rir des maladies physiques ou psychiques, mais \u00e0 exp\u00e9rimenter un mieux-\u00eatre. Les pierres naturelles ne s\u2019opposent pas \u00e0 la m\u00e9decine traditionnelle. En cas de besoin ou d\u2019urgence, de gr\u00e2ce, consultez votre m\u00e9decin.<\/p>\n","protected":false},"excerpt":{"rendered":"<p>La vie nous place parfois dans des situations o\u00f9 le courage est n\u00e9cessaire pour relever ses d\u00e9fis. Proposez \u00e0 vos clients un bracelet en pierre naturelle d\u2019un beau bordeaux profond, qui les aidera \u00e0 avoir confiance en leur capacit\u00e9s. Le bracelet Courage en \u0153il de taureau est un bijou con\u00e7u en pierres d&rsquo;\u0153il de taureau&hellip;<\/p>\n","protected":false},"featured_media":25921,"template":"","meta":[],"product_brand":[],"product_cat":[22,24,49,69,20],"product_tag":[],"class_list":{"0":"post-25920","1":"product","2":"type-product","3":"status-publish","4":"has-post-thumbnail","6":"product_cat-destockage","7":"product_cat-bijoux","8":"product_cat-bracelets","9":"product_cat-for-men","10":"product_cat-lifestyle","11":"description-off","13":"first","14":"instock","15":"sale","16":"shipping-taxable","17":"purchasable","18":"product-type-simple"},"_links":{"self":[{"href":"https:\/\/www.sweetmaloryne.com\/boutique\/wp-json\/wp\/v2\/product\/25920","targetHints":{"allow":["GET"]}}],"collection":[{"href":"https:\/\/www.sweetmaloryne.com\/boutique\/wp-json\/wp\/v2\/product"}],"about":[{"href":"https:\/\/www.sweetmaloryne.com\/boutique\/wp-json\/wp\/v2\/types\/product"}],"wp:featuredmedia":[{"embeddable":true,"href":"https:\/\/www.sweetmaloryne.com\/boutique\/wp-json\/wp\/v2\/media\/25921"}],"wp:attachment":[{"href":"https:\/\/www.sweetmaloryne.com\/boutique\/wp-json\/wp\/v2\/media?parent=25920"}],"wp:term":[{"taxonomy":"product_brand","embeddable":true,"href":"https:\/\/www.sweetmaloryne.com\/boutique\/wp-json\/wp\/v2\/product_brand?post=25920"},{"taxonomy":"product_cat","embeddable":true,"href":"https:\/\/www.sweetmaloryne.com\/boutique\/wp-json\/wp\/v2\/product_cat?post=25920"},{"taxonomy":"product_tag","embeddable":true,"href":"https:\/\/www.sweetmaloryne.com\/boutique\/wp-json\/wp\/v2\/product_tag?post=25920"}],"curies":[{"name":"wp","href":"https:\/\/api.w.org\/{rel}","templated":true}]}}