{"id":27982,"date":"2023-07-29T10:07:44","date_gmt":"2023-07-29T08:07:44","guid":{"rendered":"https:\/\/www.sweetmaloryne.com\/boutique\/?post_type=product&#038;p=27982"},"modified":"2026-01-01T11:05:31","modified_gmt":"2026-01-01T10:05:31","slug":"lampe-de-table-chats-o-25x43-cm-couleur-or-noir-polyresine","status":"publish","type":"product","link":"https:\/\/www.sweetmaloryne.com\/boutique\/produit\/lampe-de-table-chats-o-25x43-cm-couleur-or-noir-polyresine\/","title":{"rendered":"Lampe de Table Chats \u00d8 25&#215;43 cm Couleur or Noir Polyr\u00e9sine"},"content":{"rendered":"<p>Lampe de table de style champ\u00eatre en or avec abat-jour en coton noir.<\/p>\n<p>Pied en forme de chat.<\/p>\n<p>La longueur totale du c\u00e2ble est de 130 cm et l\u2018interrupteur se trouve \u00e0 58 cm.<\/p>\n<p>Raccordement E27\/max 1x60W.<\/p>\n","protected":false},"excerpt":{"rendered":"<p>Lampe de table de style champ\u00eatre en or avec abat-jour en coton noir. Pied en forme de chat. La longueur totale du c\u00e2ble est de 130 cm et l\u2018interrupteur se trouve \u00e0 58 cm. Raccordement E27\/max 1x60W.<\/p>\n","protected":false},"featured_media":28020,"template":"","meta":[],"product_brand":[],"product_cat":[22,63,39],"product_tag":[],"class_list":{"0":"post-27982","1":"product","2":"type-product","3":"status-publish","4":"has-post-thumbnail","6":"product_cat-destockage","7":"product_cat-lampes-a-poser","8":"product_cat-luminaires","9":"description-off","11":"first","12":"instock","13":"sale","14":"shipping-taxable","15":"purchasable","16":"product-type-simple"},"_links":{"self":[{"href":"https:\/\/www.sweetmaloryne.com\/boutique\/wp-json\/wp\/v2\/product\/27982","targetHints":{"allow":["GET"]}}],"collection":[{"href":"https:\/\/www.sweetmaloryne.com\/boutique\/wp-json\/wp\/v2\/product"}],"about":[{"href":"https:\/\/www.sweetmaloryne.com\/boutique\/wp-json\/wp\/v2\/types\/product"}],"wp:featuredmedia":[{"embeddable":true,"href":"https:\/\/www.sweetmaloryne.com\/boutique\/wp-json\/wp\/v2\/media\/28020"}],"wp:attachment":[{"href":"https:\/\/www.sweetmaloryne.com\/boutique\/wp-json\/wp\/v2\/media?parent=27982"}],"wp:term":[{"taxonomy":"product_brand","embeddable":true,"href":"https:\/\/www.sweetmaloryne.com\/boutique\/wp-json\/wp\/v2\/product_brand?post=27982"},{"taxonomy":"product_cat","embeddable":true,"href":"https:\/\/www.sweetmaloryne.com\/boutique\/wp-json\/wp\/v2\/product_cat?post=27982"},{"taxonomy":"product_tag","embeddable":true,"href":"https:\/\/www.sweetmaloryne.com\/boutique\/wp-json\/wp\/v2\/product_tag?post=27982"}],"curies":[{"name":"wp","href":"https:\/\/api.w.org\/{rel}","templated":true}]}}