{"id":29402,"date":"2023-09-30T12:18:24","date_gmt":"2023-09-30T10:18:24","guid":{"rendered":"https:\/\/www.sweetmaloryne.com\/boutique\/?post_type=product&#038;p=29402"},"modified":"2026-05-07T15:06:44","modified_gmt":"2026-05-07T13:06:44","slug":"peluche-dactivites-poney-calin-24-cm","status":"publish","type":"product","link":"https:\/\/www.sweetmaloryne.com\/boutique\/produit\/peluche-dactivites-poney-calin-24-cm\/","title":{"rendered":"Peluche d&rsquo;Activit\u00e9s \u00ab\u00a0Poney c\u00e2lin\u00a0\u00bb &#8211; 24 cm"},"content":{"rendered":"<p>Ce poney mignon et color\u00e9 a des options de jeu infinies qui divertiront les enfants pendant des heures. Les oreilles de Polo cr\u00e9pitent, il a un miroir sur le ventre et son nez claque. La texture douce et le pouf \u00e0 l&rsquo;int\u00e9rieur rendent cette frange parfaite pour les c\u00e2lins. Le doudou peut \u00eatre accroch\u00e9 avec l&rsquo;anneau de dentition qui se trouve sur sa t\u00eate.<\/p>\n<p>Dimensions : 24 x 19 x 14 cm (L x l x H).<\/p>\n<p>Convient d\u00e8s la naissance.<\/p>\n","protected":false},"excerpt":{"rendered":"<p><br data-mce-bogus=\"1\"><\/p>\n","protected":false},"featured_media":29404,"template":"","meta":[],"product_brand":[],"product_cat":[41],"product_tag":[],"class_list":{"0":"post-29402","1":"product","2":"type-product","3":"status-publish","4":"has-post-thumbnail","6":"product_cat-kids","7":"description-off","9":"first","10":"instock","11":"shipping-taxable","12":"purchasable","13":"product-type-simple"},"_links":{"self":[{"href":"https:\/\/www.sweetmaloryne.com\/boutique\/wp-json\/wp\/v2\/product\/29402","targetHints":{"allow":["GET"]}}],"collection":[{"href":"https:\/\/www.sweetmaloryne.com\/boutique\/wp-json\/wp\/v2\/product"}],"about":[{"href":"https:\/\/www.sweetmaloryne.com\/boutique\/wp-json\/wp\/v2\/types\/product"}],"wp:featuredmedia":[{"embeddable":true,"href":"https:\/\/www.sweetmaloryne.com\/boutique\/wp-json\/wp\/v2\/media\/29404"}],"wp:attachment":[{"href":"https:\/\/www.sweetmaloryne.com\/boutique\/wp-json\/wp\/v2\/media?parent=29402"}],"wp:term":[{"taxonomy":"product_brand","embeddable":true,"href":"https:\/\/www.sweetmaloryne.com\/boutique\/wp-json\/wp\/v2\/product_brand?post=29402"},{"taxonomy":"product_cat","embeddable":true,"href":"https:\/\/www.sweetmaloryne.com\/boutique\/wp-json\/wp\/v2\/product_cat?post=29402"},{"taxonomy":"product_tag","embeddable":true,"href":"https:\/\/www.sweetmaloryne.com\/boutique\/wp-json\/wp\/v2\/product_tag?post=29402"}],"curies":[{"name":"wp","href":"https:\/\/api.w.org\/{rel}","templated":true}]}}