{"id":34290,"date":"2024-04-02T10:10:26","date_gmt":"2024-04-02T08:10:26","guid":{"rendered":"https:\/\/www.sweetmaloryne.com\/boutique\/?post_type=product&#038;p=34290"},"modified":"2026-01-01T11:05:29","modified_gmt":"2026-01-01T10:05:29","slug":"synergie-dhuiles-essentielles-stimulante-10-ml-utilisation-pour-la-diffusion-conditionnee-en-france","status":"publish","type":"product","link":"https:\/\/www.sweetmaloryne.com\/boutique\/produit\/synergie-dhuiles-essentielles-stimulante-10-ml-utilisation-pour-la-diffusion-conditionnee-en-france\/","title":{"rendered":"Synergie d&rsquo;Huiles Essentielles \u2013 Stimulante &#8211; 10 ml &#8211; Utilisation pour la Diffusion &#8211; Conditionn\u00e9e en France"},"content":{"rendered":"<p>Synergie d&rsquo;huiles essentielles Stimulante 100% pures et naturelles. S&rsquo;utilise lors d&rsquo;une s\u00e9ance d&rsquo;aromath\u00e9rapie en diffusion atmosph\u00e9rique. Cette synergie est un m\u00e9lange d&rsquo;huiles essentielles 100% pures et naturelles ch\u00e9motyp\u00e9es. Elle a \u00e9t\u00e9 \u00e9labor\u00e9e \u00e0 partir de plusieurs huiles essentielles naturelles telle que: orange, pin Sib\u00e9rie, eucalyptus globulus etc, afin d&rsquo;obtenir une association autour d&rsquo;une utilisation et de vertus sp\u00e9cifiques.<\/p>\n<ul>\n<li>Composition:<\/li>\n<\/ul>\n<p>EUCALYPTOL, 2,6,6-TRIMETHYL-BICYCLO-2-HEPTENE, ESTRAGOLE, MENTHONE, BETA-PINENE, GERANIOL, LINALOOL, LIMONENE.<\/p>\n<p>Ces synergies sont le fruit d&rsquo;une recherche minutieuse destin\u00e9e \u00e0 vous proposer des produits de qualit\u00e9 non modifi\u00e9, non dilu\u00e9, non d\u00e9terp\u00e9n\u00e9, non rectifi\u00e9 et non reconstitu\u00e9.<\/p>\n","protected":false},"excerpt":{"rendered":"<p>Synergie d&rsquo;huiles essentielles Stimulante 100% pures et naturelles. S&rsquo;utilise lors d&rsquo;une s\u00e9ance d&rsquo;aromath\u00e9rapie en diffusion atmosph\u00e9rique. Cette synergie est un m\u00e9lange d&rsquo;huiles essentielles 100% pures et naturelles ch\u00e9motyp\u00e9es. Elle a \u00e9t\u00e9 \u00e9labor\u00e9e \u00e0 partir de plusieurs huiles essentielles naturelles telle que: orange, pin Sib\u00e9rie, eucalyptus globulus etc, afin d&rsquo;obtenir une association autour d&rsquo;une utilisation et&hellip;<\/p>\n","protected":false},"featured_media":34292,"template":"","meta":[],"product_brand":[],"product_cat":[22,831,20,825],"product_tag":[],"class_list":{"0":"post-34290","1":"product","2":"type-product","3":"status-publish","4":"has-post-thumbnail","6":"product_cat-destockage","7":"product_cat-huiles-essentielles","8":"product_cat-lifestyle","9":"product_cat-parfum-dinterieur","10":"description-off","12":"first","13":"instock","14":"sale","15":"shipping-taxable","16":"purchasable","17":"product-type-simple"},"_links":{"self":[{"href":"https:\/\/www.sweetmaloryne.com\/boutique\/wp-json\/wp\/v2\/product\/34290","targetHints":{"allow":["GET"]}}],"collection":[{"href":"https:\/\/www.sweetmaloryne.com\/boutique\/wp-json\/wp\/v2\/product"}],"about":[{"href":"https:\/\/www.sweetmaloryne.com\/boutique\/wp-json\/wp\/v2\/types\/product"}],"wp:featuredmedia":[{"embeddable":true,"href":"https:\/\/www.sweetmaloryne.com\/boutique\/wp-json\/wp\/v2\/media\/34292"}],"wp:attachment":[{"href":"https:\/\/www.sweetmaloryne.com\/boutique\/wp-json\/wp\/v2\/media?parent=34290"}],"wp:term":[{"taxonomy":"product_brand","embeddable":true,"href":"https:\/\/www.sweetmaloryne.com\/boutique\/wp-json\/wp\/v2\/product_brand?post=34290"},{"taxonomy":"product_cat","embeddable":true,"href":"https:\/\/www.sweetmaloryne.com\/boutique\/wp-json\/wp\/v2\/product_cat?post=34290"},{"taxonomy":"product_tag","embeddable":true,"href":"https:\/\/www.sweetmaloryne.com\/boutique\/wp-json\/wp\/v2\/product_tag?post=34290"}],"curies":[{"name":"wp","href":"https:\/\/api.w.org\/{rel}","templated":true}]}}