{"id":36336,"date":"2024-07-02T11:23:55","date_gmt":"2024-07-02T09:23:55","guid":{"rendered":"https:\/\/www.sweetmaloryne.com\/boutique\/?post_type=product&#038;p=36336"},"modified":"2026-01-01T11:05:28","modified_gmt":"2026-01-01T10:05:28","slug":"bougeoir-cercle-en-bois-home-27x9x25cm","status":"publish","type":"product","link":"https:\/\/www.sweetmaloryne.com\/boutique\/produit\/bougeoir-cercle-en-bois-home-27x9x25cm\/","title":{"rendered":"Bougeoir Cercle en Bois \u00ab\u00a0Home\u00a0\u00bb 27x9x25cm"},"content":{"rendered":"","protected":false},"excerpt":{"rendered":"<p>Le bougeoir photophore \u00ab Home \u00bb associe des mat\u00e9riaux naturels comme l&rsquo;aluminium et le bois de manguier dans un design \u00e9l\u00e9gant. Les \u00e9l\u00e9ments de couleur naturelle et argent\u00e9e s&rsquo;harmonisent parfaitement les uns avec les autres et donnent au lustre une touche \u00e9l\u00e9gante. Le design rond est compl\u00e9t\u00e9 par un motif de maison, un motif de c\u0153ur et une inscription qui apportent une touche personnelle. Avec un diam\u00e8tre de 25 cm et une hauteur de 27 cm, ce bougeoir est parfait pour des soir\u00e9es agr\u00e9ables et met en m\u00eame temps des accents d\u00e9coratifs dans votre maison. Apportez une ambiance unique dans votre espace de vie avec le bougeoir photophore \u00ab Home \u00bb.<\/p>\n","protected":false},"featured_media":36339,"template":"","meta":[],"product_brand":[],"product_cat":[22,45,23],"product_tag":[],"class_list":{"0":"post-36336","1":"product","2":"type-product","3":"status-publish","4":"has-post-thumbnail","6":"product_cat-destockage","7":"product_cat-lanternes-photophores","8":"product_cat-objets-deco","9":"description-off","11":"first","12":"instock","13":"sale","14":"shipping-taxable","15":"purchasable","16":"product-type-simple"},"_links":{"self":[{"href":"https:\/\/www.sweetmaloryne.com\/boutique\/wp-json\/wp\/v2\/product\/36336","targetHints":{"allow":["GET"]}}],"collection":[{"href":"https:\/\/www.sweetmaloryne.com\/boutique\/wp-json\/wp\/v2\/product"}],"about":[{"href":"https:\/\/www.sweetmaloryne.com\/boutique\/wp-json\/wp\/v2\/types\/product"}],"wp:featuredmedia":[{"embeddable":true,"href":"https:\/\/www.sweetmaloryne.com\/boutique\/wp-json\/wp\/v2\/media\/36339"}],"wp:attachment":[{"href":"https:\/\/www.sweetmaloryne.com\/boutique\/wp-json\/wp\/v2\/media?parent=36336"}],"wp:term":[{"taxonomy":"product_brand","embeddable":true,"href":"https:\/\/www.sweetmaloryne.com\/boutique\/wp-json\/wp\/v2\/product_brand?post=36336"},{"taxonomy":"product_cat","embeddable":true,"href":"https:\/\/www.sweetmaloryne.com\/boutique\/wp-json\/wp\/v2\/product_cat?post=36336"},{"taxonomy":"product_tag","embeddable":true,"href":"https:\/\/www.sweetmaloryne.com\/boutique\/wp-json\/wp\/v2\/product_tag?post=36336"}],"curies":[{"name":"wp","href":"https:\/\/api.w.org\/{rel}","templated":true}]}}