{"id":38497,"date":"2024-09-30T15:28:45","date_gmt":"2024-09-30T13:28:45","guid":{"rendered":"https:\/\/www.sweetmaloryne.com\/boutique\/?post_type=product&#038;p=38497"},"modified":"2025-09-13T17:35:52","modified_gmt":"2025-09-13T15:35:52","slug":"38497","status":"publish","type":"product","link":"https:\/\/www.sweetmaloryne.com\/boutique\/produit\/38497\/","title":{"rendered":"Fondant Naturel Parfum\u00e9, 22-25gr, 18-25h, \u00e0 la cire de Soja, Senteur au Choix"},"content":{"rendered":"<div class=\"section-content\">\n<div class=\"product-description \">\n<div class=\"rte-content\">\n<div class=\"elementor-element elementor-element-562a0cec e-flex e-con-boxed e-con e-parent e-lazyloaded\" data-id=\"562a0cec\" data-element_type=\"container\">\n<div class=\"e-con-inner\">\n<div class=\"elementor-element elementor-element-6b21dd9a elementor-widget elementor-widget-text-editor\" data-id=\"6b21dd9a\" data-element_type=\"widget\" data-widget_type=\"text-editor.default\">\n<div class=\"elementor-widget-container\">\n<p>Chaque fondant parfum\u00e9 est unique, coul\u00e9 avec soin dans notre atelier \u00e0 Bining en Moselle (Pays de Bitche) pour ajouter une touche d\u00e9corative parfumante dans votre int\u00e9rieur.<br \/>\nLa composition est naturelle.<\/p>\n<\/div>\n<\/div>\n<\/div>\n<\/div>\n<div class=\"elementor-element elementor-element-5f6b63c e-flex e-con-boxed e-con e-parent e-lazyloaded\" data-id=\"5f6b63c\" data-element_type=\"container\">\n<div class=\"e-con-inner\">\n<div class=\"elementor-element elementor-element-9330d4d e-con-full e-flex e-con e-child\" data-id=\"9330d4d\" data-element_type=\"container\">\n<div class=\"elementor-element elementor-element-d25549f elementor-widget elementor-widget-image\" data-id=\"d25549f\" data-element_type=\"widget\" data-widget_type=\"image.default\">\n<div class=\"elementor-widget-container\"><\/div>\n<\/div>\n<\/div>\n<div class=\"elementor-element elementor-element-ea8eea0 e-con-full e-flex e-con e-child\" data-id=\"ea8eea0\" data-element_type=\"container\">\n<div class=\"elementor-element elementor-element-166f23e elementor-widget elementor-widget-text-editor\" data-id=\"166f23e\" data-element_type=\"widget\" data-widget_type=\"text-editor.default\">\n<div class=\"elementor-widget-container\">\n<p>J\u2019utilise exclusivement de la <strong>cire de soja<\/strong>, une ressource renouvelable et <strong>respectueuse de l\u2019environnement<\/strong>, pour cr\u00e9er un aspect net \u00e0 la bougie.<\/p>\n<p>De plus, je s\u00e9lectionne des <strong>parfums de Grasse<\/strong>, la capitale mondiale du parfum, pour infuser dans chaque bougie un ar\u00f4me exquis.<\/p>\n<\/div>\n<\/div>\n<\/div>\n<\/div>\n<\/div>\n<h4>Comment \u00e7a fonctionne, un fondant parfum\u00e9 ?<\/h4>\n<p>D\u00e9posez simplement le fondant dans la coupelle de votre br\u00fble parfum (en vente dans la boutique) et laissez le fondre en quelques minutes.<\/p>\n<p>Un m\u00eame fondant peut s\u2019utiliser plusieurs fois. Laissez votre cire refroidir, et rallumez votre bougie chauffe plat quand vous le voulez !<\/p>\n<p>Vous pouvez changer de parfum aussi souvent que vous le souhaitez !<\/p>\n<p>Les fondants parfum\u00e9s s\u2019appellent aussi : galets de cire parfum\u00e9e, fondants de bougies, ou encore bougies fondantes, ne soyez donc pas surpris de trouver plusieurs appellations !<\/p>\n<p>Colorants micas (poudres naturelles) cire de soja.<\/p>\n<\/div>\n<\/div>\n<\/div>\n<p>Chaque fondant fait +\/-22 \u00e0 25gr et parfume pendant environ 18\u00e025 heures.<\/p>\n","protected":false},"excerpt":{"rendered":"<p><em>Les Fondants de Cire Parfum\u00e9es sont fabriqu\u00e9s d\u2019un m\u00e9lange naturel de cires de Soja et d\u2019huiles parfum\u00e9es de qualit\u00e9 sup\u00e9rieure. Disponibles dans de nombreux parfums afin de convenir \u00e0 tous les go\u00fbts.\u00a0<\/em><\/p>\n<p><em>-Sans Paraffine, parfum de haute qualit\u00e9<\/em><\/p>\n<p><em>-Ajoutez simplement un fondant de cire au br\u00fbleur\u00a0 et laissez-vous envo\u00fbter par ces fragrances originales pour toute la maison !<\/em><\/p>\n<p><img fetchpriority=\"high\" decoding=\"async\" class=\"alignnone size-medium wp-image-35510\" src=\"https:\/\/www.sweetmaloryne.com\/boutique\/wp-content\/uploads\/2024\/04\/CLPFONDANT-298x300.jpg\" alt=\"\" width=\"298\" height=\"300\" srcset=\"https:\/\/www.sweetmaloryne.com\/boutique\/wp-content\/uploads\/2024\/04\/CLPFONDANT-298x300.jpg 298w, https:\/\/www.sweetmaloryne.com\/boutique\/wp-content\/uploads\/2024\/04\/CLPFONDANT-150x150.jpg 150w, https:\/\/www.sweetmaloryne.com\/boutique\/wp-content\/uploads\/2024\/04\/CLPFONDANT-200x200.jpg 200w, https:\/\/www.sweetmaloryne.com\/boutique\/wp-content\/uploads\/2024\/04\/CLPFONDANT.jpg 665w\" sizes=\"(max-width: 298px) 100vw, 298px\" \/><\/p>\n<p>&nbsp;<\/p>\n","protected":false},"featured_media":38501,"template":"","meta":[],"product_brand":[],"product_cat":[826,20,825],"product_tag":[],"class_list":{"0":"post-38497","1":"product","2":"type-product","3":"status-publish","4":"has-post-thumbnail","6":"product_cat-fondants-parfumes","7":"product_cat-lifestyle","8":"product_cat-parfum-dinterieur","9":"description-off","11":"first","12":"instock","13":"shipping-taxable","14":"product-type-variable"},"_links":{"self":[{"href":"https:\/\/www.sweetmaloryne.com\/boutique\/wp-json\/wp\/v2\/product\/38497","targetHints":{"allow":["GET"]}}],"collection":[{"href":"https:\/\/www.sweetmaloryne.com\/boutique\/wp-json\/wp\/v2\/product"}],"about":[{"href":"https:\/\/www.sweetmaloryne.com\/boutique\/wp-json\/wp\/v2\/types\/product"}],"wp:featuredmedia":[{"embeddable":true,"href":"https:\/\/www.sweetmaloryne.com\/boutique\/wp-json\/wp\/v2\/media\/38501"}],"wp:attachment":[{"href":"https:\/\/www.sweetmaloryne.com\/boutique\/wp-json\/wp\/v2\/media?parent=38497"}],"wp:term":[{"taxonomy":"product_brand","embeddable":true,"href":"https:\/\/www.sweetmaloryne.com\/boutique\/wp-json\/wp\/v2\/product_brand?post=38497"},{"taxonomy":"product_cat","embeddable":true,"href":"https:\/\/www.sweetmaloryne.com\/boutique\/wp-json\/wp\/v2\/product_cat?post=38497"},{"taxonomy":"product_tag","embeddable":true,"href":"https:\/\/www.sweetmaloryne.com\/boutique\/wp-json\/wp\/v2\/product_tag?post=38497"}],"curies":[{"name":"wp","href":"https:\/\/api.w.org\/{rel}","templated":true}]}}