{"id":44340,"date":"2025-03-20T10:42:40","date_gmt":"2025-03-20T09:42:40","guid":{"rendered":"https:\/\/www.sweetmaloryne.com\/boutique\/?post_type=product&#038;p=44340"},"modified":"2026-01-01T11:04:17","modified_gmt":"2026-01-01T10:04:17","slug":"bouquet-de-fleurs-de-savon-bouquet-petite-panier-lavande-douce-125x8x18cm","status":"publish","type":"product","link":"https:\/\/www.sweetmaloryne.com\/boutique\/produit\/bouquet-de-fleurs-de-savon-bouquet-petite-panier-lavande-douce-125x8x18cm\/","title":{"rendered":"Bouquet de Fleurs de Savon &#8211; Bouquet Petite Panier &#8211; Lavande Douce 12,5x8x18cm"},"content":{"rendered":"<p>Ils constituent un compl\u00e9ment parfait pour un bain romantique relaxant.<\/p>\n<p>Les fleurs de savon, joliment emball\u00e9es, sont un cadeau parfait ou tout simplement un petit plaisir pour vous-m\u00eame.<\/p>\n<p>Ajoutez simplement une ou deux roses \u00e0 votre bain chaud, d\u00e9tendez-vous et regardez les jolies fleurs se dissoudre sous vos yeux.<\/p>\n<p>Il laisse votre peau douce, soyeuse et sent merveilleusement bon.<\/p>\n<p>Et elles ressemblent presque \u00e0 de vraies fleurs ! Les bouquets sont artistiquement dispos\u00e9s et joliment pr\u00e9sent\u00e9s dans un sac cadeau.<\/p>\n<p>&nbsp;<\/p>\n<h4 class=\"ak-heading--4 ds-text-primary\" data-v-31657ff4=\"\" data-v-ef464fe5=\"\">Liste INCI<\/h4>\n<div data-v-cbba9010=\"\" data-v-ef464fe5=\"\">\n<div class=\"rich-description ds-text-base ds-text-neutral-900 text-collapsed\" data-v-cbba9010=\"\">Zea Mays (amidon de ma\u00efs), alcool polyvinylique, eau, dod\u00e9cylsulfate de sodium, cocamide DEA, propyl\u00e8ne glycol, paraffine liquide, parfum, m\u00e9thylisothiazolinone, (+\/- CI 16035, CI 19140, CI 42090, CI 18050, CI 16255, CI 45430 , CI 15985)<\/div>\n<\/div>\n","protected":false},"excerpt":{"rendered":"<p>Ils constituent un compl\u00e9ment parfait pour un bain romantique relaxant. Les fleurs de savon, joliment emball\u00e9es, sont un cadeau parfait ou tout simplement un petit plaisir pour vous-m\u00eame. Ajoutez simplement une ou deux roses \u00e0 votre bain chaud, d\u00e9tendez-vous et regardez les jolies fleurs se dissoudre sous vos yeux. Il laisse votre peau douce, soyeuse&hellip;<\/p>\n","protected":false},"featured_media":44342,"template":"","meta":[],"product_brand":[],"product_cat":[22,20],"product_tag":[],"class_list":{"0":"post-44340","1":"product","2":"type-product","3":"status-publish","4":"has-post-thumbnail","6":"product_cat-destockage","7":"product_cat-lifestyle","8":"description-off","10":"first","11":"instock","12":"sale","13":"shipping-taxable","14":"purchasable","15":"product-type-simple"},"_links":{"self":[{"href":"https:\/\/www.sweetmaloryne.com\/boutique\/wp-json\/wp\/v2\/product\/44340","targetHints":{"allow":["GET"]}}],"collection":[{"href":"https:\/\/www.sweetmaloryne.com\/boutique\/wp-json\/wp\/v2\/product"}],"about":[{"href":"https:\/\/www.sweetmaloryne.com\/boutique\/wp-json\/wp\/v2\/types\/product"}],"wp:featuredmedia":[{"embeddable":true,"href":"https:\/\/www.sweetmaloryne.com\/boutique\/wp-json\/wp\/v2\/media\/44342"}],"wp:attachment":[{"href":"https:\/\/www.sweetmaloryne.com\/boutique\/wp-json\/wp\/v2\/media?parent=44340"}],"wp:term":[{"taxonomy":"product_brand","embeddable":true,"href":"https:\/\/www.sweetmaloryne.com\/boutique\/wp-json\/wp\/v2\/product_brand?post=44340"},{"taxonomy":"product_cat","embeddable":true,"href":"https:\/\/www.sweetmaloryne.com\/boutique\/wp-json\/wp\/v2\/product_cat?post=44340"},{"taxonomy":"product_tag","embeddable":true,"href":"https:\/\/www.sweetmaloryne.com\/boutique\/wp-json\/wp\/v2\/product_tag?post=44340"}],"curies":[{"name":"wp","href":"https:\/\/api.w.org\/{rel}","templated":true}]}}