{"id":44366,"date":"2025-10-09T11:15:03","date_gmt":"2025-10-09T09:15:03","guid":{"rendered":"https:\/\/www.sweetmaloryne.com\/boutique\/?post_type=product&#038;p=44366"},"modified":"2026-04-17T15:23:07","modified_gmt":"2026-04-17T13:23:07","slug":"brule-parfum-home-en-ceramique-7x7x7cm-divers-coloris","status":"publish","type":"product","link":"https:\/\/www.sweetmaloryne.com\/boutique\/produit\/brule-parfum-home-en-ceramique-7x7x7cm-divers-coloris\/","title":{"rendered":"Br\u00fble Parfum \u00a0\u00bb Home\u00a0\u00bb en C\u00e9ramique 7x7x7cm, Divers Coloris"},"content":{"rendered":"","protected":false},"excerpt":{"rendered":"<p>Les br\u00fble parfum en c\u00e9ramique sont \u00a0parfaits pour une utilisation avec des huiles parfum\u00e9es ou des fondants parfum\u00e9s.<\/p>\n<p>Il constitue \u00e9galement une d\u00e9coration tr\u00e8s attrayante dans n&rsquo;importe quelle pi\u00e8ce, gr\u00e2ce \u00e0 sa belle c\u00e9ramique color\u00e9e.<\/p>\n","protected":false},"featured_media":44373,"template":"","meta":[],"product_brand":[],"product_cat":[830,20,658,825],"product_tag":[],"class_list":{"0":"post-44366","1":"product","2":"type-product","3":"status-publish","4":"has-post-thumbnail","6":"product_cat-brule-parfum","7":"product_cat-lifestyle","8":"product_cat-nouveautes","9":"product_cat-parfum-dinterieur","10":"pa_couleur-jaune","11":"pa_couleur-3a-rose","12":"pa_couleur-vert-amande","13":"description-off","15":"first","16":"instock","17":"shipping-taxable","18":"purchasable","19":"product-type-variable"},"_links":{"self":[{"href":"https:\/\/www.sweetmaloryne.com\/boutique\/wp-json\/wp\/v2\/product\/44366","targetHints":{"allow":["GET"]}}],"collection":[{"href":"https:\/\/www.sweetmaloryne.com\/boutique\/wp-json\/wp\/v2\/product"}],"about":[{"href":"https:\/\/www.sweetmaloryne.com\/boutique\/wp-json\/wp\/v2\/types\/product"}],"wp:featuredmedia":[{"embeddable":true,"href":"https:\/\/www.sweetmaloryne.com\/boutique\/wp-json\/wp\/v2\/media\/44373"}],"wp:attachment":[{"href":"https:\/\/www.sweetmaloryne.com\/boutique\/wp-json\/wp\/v2\/media?parent=44366"}],"wp:term":[{"taxonomy":"product_brand","embeddable":true,"href":"https:\/\/www.sweetmaloryne.com\/boutique\/wp-json\/wp\/v2\/product_brand?post=44366"},{"taxonomy":"product_cat","embeddable":true,"href":"https:\/\/www.sweetmaloryne.com\/boutique\/wp-json\/wp\/v2\/product_cat?post=44366"},{"taxonomy":"product_tag","embeddable":true,"href":"https:\/\/www.sweetmaloryne.com\/boutique\/wp-json\/wp\/v2\/product_tag?post=44366"}],"curies":[{"name":"wp","href":"https:\/\/api.w.org\/{rel}","templated":true}]}}