{"id":46048,"date":"2025-05-16T11:00:19","date_gmt":"2025-05-16T09:00:19","guid":{"rendered":"https:\/\/www.sweetmaloryne.com\/boutique\/?post_type=product&#038;p=46048"},"modified":"2025-05-16T11:09:25","modified_gmt":"2025-05-16T09:09:25","slug":"collier-eudes-3-rangs-pierres-naturelles-amazonite-et-maille-ovale","status":"publish","type":"product","link":"https:\/\/www.sweetmaloryne.com\/boutique\/produit\/collier-eudes-3-rangs-pierres-naturelles-amazonite-et-maille-ovale\/","title":{"rendered":"Collier Fleurine &#8211; pendentif fleur textur\u00e9e et perles de r\u00e9sine blanche"},"content":{"rendered":"","protected":false},"excerpt":{"rendered":"<p>Collier sur cha\u00eene en acier inoxydable compos\u00e9 d&rsquo;un pendentif en forme de fleur textur\u00e9e et de petites perles en r\u00e9sine blanche.<br \/>\nLongueur de la cha\u00eene : 55 cm<br \/>\nLongueur de la cha\u00eene de r\u00e9glage : 7 cm<br \/>\nLongueur du collier : 62 cm<br \/>\nDimensions : 19 x 23 mm<\/p>\n<p>Garantie sans nickel, sans cadmium, sans sel de plomb.<br \/>\nR\u00e9siste \u00e0 l\u2019eau et ne noircit pas.<\/p>\n<p>Perles en r\u00e9sine recouvertes d&rsquo;un film nacr\u00e9. Attention, le film nacr\u00e9 est susceptible de partir en cas d&rsquo;usage intensif et ne pourra pas \u00eatre pris en charge dans le SAV.<\/p>\n","protected":false},"featured_media":46053,"template":"","meta":[],"product_brand":[891],"product_cat":[24,42,20],"product_tag":[],"class_list":{"0":"post-46048","1":"product","2":"type-product","3":"status-publish","4":"has-post-thumbnail","6":"product_brand-bohm-paris","7":"product_cat-bijoux","8":"product_cat-colliers","9":"product_cat-lifestyle","10":"description-off","12":"first","13":"instock","14":"shipping-taxable","15":"purchasable","16":"product-type-simple"},"_links":{"self":[{"href":"https:\/\/www.sweetmaloryne.com\/boutique\/wp-json\/wp\/v2\/product\/46048","targetHints":{"allow":["GET"]}}],"collection":[{"href":"https:\/\/www.sweetmaloryne.com\/boutique\/wp-json\/wp\/v2\/product"}],"about":[{"href":"https:\/\/www.sweetmaloryne.com\/boutique\/wp-json\/wp\/v2\/types\/product"}],"wp:featuredmedia":[{"embeddable":true,"href":"https:\/\/www.sweetmaloryne.com\/boutique\/wp-json\/wp\/v2\/media\/46053"}],"wp:attachment":[{"href":"https:\/\/www.sweetmaloryne.com\/boutique\/wp-json\/wp\/v2\/media?parent=46048"}],"wp:term":[{"taxonomy":"product_brand","embeddable":true,"href":"https:\/\/www.sweetmaloryne.com\/boutique\/wp-json\/wp\/v2\/product_brand?post=46048"},{"taxonomy":"product_cat","embeddable":true,"href":"https:\/\/www.sweetmaloryne.com\/boutique\/wp-json\/wp\/v2\/product_cat?post=46048"},{"taxonomy":"product_tag","embeddable":true,"href":"https:\/\/www.sweetmaloryne.com\/boutique\/wp-json\/wp\/v2\/product_tag?post=46048"}],"curies":[{"name":"wp","href":"https:\/\/api.w.org\/{rel}","templated":true}]}}