{"id":46550,"date":"2025-05-26T10:49:50","date_gmt":"2025-05-26T08:49:50","guid":{"rendered":"https:\/\/www.sweetmaloryne.com\/boutique\/?post_type=product&#038;p=46550"},"modified":"2026-05-02T14:49:23","modified_gmt":"2026-05-02T12:49:23","slug":"piquet-sunflower-en-metal-rouille-o32cm-h-146cm","status":"publish","type":"product","link":"https:\/\/www.sweetmaloryne.com\/boutique\/produit\/piquet-sunflower-en-metal-rouille-o32cm-h-146cm\/","title":{"rendered":"Piquet SunFlower en M\u00e9tal Rouill\u00e9 \u00f832cm H.146cm"},"content":{"rendered":"","protected":false},"excerpt":{"rendered":"<p>Apportez une touche antique \u00e0 vos ext\u00e9rieurs avec la fleur en m\u00e9tal rouill\u00e9.<\/p>\n<p>Vous d\u00e9couvrirez dans votre boutique Sweet Maloryne diff\u00e9rents mod\u00e8les.<\/p>\n<p>Pour un envoi par colis, la longueur du piquet sera recoup\u00e9 entre 800 et 1000mm selon le diam\u00e8tre de la fleur.<\/p>\n","protected":false},"featured_media":46565,"template":"","meta":[],"product_brand":[901],"product_cat":[40,879],"product_tag":[],"class_list":{"0":"post-46550","1":"product","2":"type-product","3":"status-publish","4":"has-post-thumbnail","6":"product_brand-hermes","7":"product_cat-jardin","8":"product_cat-piquet-decoratif","9":"description-off","11":"first","12":"instock","13":"shipping-taxable","14":"purchasable","15":"product-type-simple"},"_links":{"self":[{"href":"https:\/\/www.sweetmaloryne.com\/boutique\/wp-json\/wp\/v2\/product\/46550","targetHints":{"allow":["GET"]}}],"collection":[{"href":"https:\/\/www.sweetmaloryne.com\/boutique\/wp-json\/wp\/v2\/product"}],"about":[{"href":"https:\/\/www.sweetmaloryne.com\/boutique\/wp-json\/wp\/v2\/types\/product"}],"wp:featuredmedia":[{"embeddable":true,"href":"https:\/\/www.sweetmaloryne.com\/boutique\/wp-json\/wp\/v2\/media\/46565"}],"wp:attachment":[{"href":"https:\/\/www.sweetmaloryne.com\/boutique\/wp-json\/wp\/v2\/media?parent=46550"}],"wp:term":[{"taxonomy":"product_brand","embeddable":true,"href":"https:\/\/www.sweetmaloryne.com\/boutique\/wp-json\/wp\/v2\/product_brand?post=46550"},{"taxonomy":"product_cat","embeddable":true,"href":"https:\/\/www.sweetmaloryne.com\/boutique\/wp-json\/wp\/v2\/product_cat?post=46550"},{"taxonomy":"product_tag","embeddable":true,"href":"https:\/\/www.sweetmaloryne.com\/boutique\/wp-json\/wp\/v2\/product_tag?post=46550"}],"curies":[{"name":"wp","href":"https:\/\/api.w.org\/{rel}","templated":true}]}}