{"id":47207,"date":"2025-06-18T14:49:15","date_gmt":"2025-06-18T12:49:15","guid":{"rendered":"https:\/\/www.sweetmaloryne.com\/boutique\/?post_type=product&#038;p=47207"},"modified":"2025-11-05T18:23:36","modified_gmt":"2025-11-05T17:23:36","slug":"bonbons-artisanaux-saveur-seve-de-pin-boite-45-g-modele-la-maitresse-licence-le-petit-nicolas","status":"publish","type":"product","link":"https:\/\/www.sweetmaloryne.com\/boutique\/produit\/bonbons-artisanaux-saveur-seve-de-pin-boite-45-g-modele-la-maitresse-licence-le-petit-nicolas\/","title":{"rendered":"Bonbons Artisanaux | Saveur S\u00e8ve de Pin | Bo\u00eete 45 g | Mod\u00e8le LA MAITRESSE | Licence LE PETIT NICOLAS"},"content":{"rendered":"","protected":false},"excerpt":{"rendered":"<p>Gardez en s\u00e9curit\u00e9 (et loin des petites mains voleuses) vos sucreries dans une magnifique bo\u00eete personnalis\u00e9e !<\/p>\n<p>\ud83c\uddeb\ud83c\uddf7 Fabrication fran\u00e7aise<br \/>\n\ud83d\udc4c Gourmandises 100% artisanales et locales<br \/>\n\u267b\ufe0fBo\u00eete m\u00e9tal 100% recyclable<br \/>\n\ud83c\udf81 Un cadeau original et unique<\/p>\n<p>Une marque et un personnage transg\u00e9n\u00e9rationnels et intemporels.Le Petit Nicolas fait partie de notre patrimoine depuis plus de 50 ans.<\/p>\n<p>Alli\u00e9es aux merveilleux dessins de Semp\u00e9, les histoires de Goscinny sont devenues un classique de notre litt\u00e9rature avec 250 000 livres vendus chaque ann\u00e9e.<br \/>\nAvec Le Petit Nicolas, les enfants se retrouvent, les parents se souviennent.<\/p>\n<h4 class=\"ak-heading--4 ds-text-primary\" data-v-31657ff4=\"\" data-v-d3709afa=\"\">Dimensions<\/h4>\n<div data-v-cbba9010=\"\" data-v-d3709afa=\"\">\n<div class=\"rich-description ds-text-base ds-text-neutral-900 text-collapsed gradient-ellipsis\" data-v-cbba9010=\"\">\u00d870mm x 2.4cm (h)<\/div>\n<\/div>\n","protected":false},"featured_media":47209,"template":"","meta":[],"product_brand":[],"product_cat":[29,41,20],"product_tag":[],"class_list":{"0":"post-47207","1":"product","2":"type-product","3":"status-publish","4":"has-post-thumbnail","6":"product_cat-cuisine","7":"product_cat-kids","8":"product_cat-lifestyle","9":"description-off","11":"first","12":"instock","13":"shipping-taxable","14":"purchasable","15":"product-type-simple"},"_links":{"self":[{"href":"https:\/\/www.sweetmaloryne.com\/boutique\/wp-json\/wp\/v2\/product\/47207","targetHints":{"allow":["GET"]}}],"collection":[{"href":"https:\/\/www.sweetmaloryne.com\/boutique\/wp-json\/wp\/v2\/product"}],"about":[{"href":"https:\/\/www.sweetmaloryne.com\/boutique\/wp-json\/wp\/v2\/types\/product"}],"wp:featuredmedia":[{"embeddable":true,"href":"https:\/\/www.sweetmaloryne.com\/boutique\/wp-json\/wp\/v2\/media\/47209"}],"wp:attachment":[{"href":"https:\/\/www.sweetmaloryne.com\/boutique\/wp-json\/wp\/v2\/media?parent=47207"}],"wp:term":[{"taxonomy":"product_brand","embeddable":true,"href":"https:\/\/www.sweetmaloryne.com\/boutique\/wp-json\/wp\/v2\/product_brand?post=47207"},{"taxonomy":"product_cat","embeddable":true,"href":"https:\/\/www.sweetmaloryne.com\/boutique\/wp-json\/wp\/v2\/product_cat?post=47207"},{"taxonomy":"product_tag","embeddable":true,"href":"https:\/\/www.sweetmaloryne.com\/boutique\/wp-json\/wp\/v2\/product_tag?post=47207"}],"curies":[{"name":"wp","href":"https:\/\/api.w.org\/{rel}","templated":true}]}}