{"id":48638,"date":"2025-09-19T09:27:10","date_gmt":"2025-09-19T07:27:10","guid":{"rendered":"https:\/\/www.sweetmaloryne.com\/boutique\/?post_type=product&#038;p=48638"},"modified":"2026-02-05T14:31:01","modified_gmt":"2026-02-05T13:31:01","slug":"fleur-nicole-sur-socle-en-metal-rouille-1-boule-en-verre-o7cm-divers-coloris-o34xh-104cm","status":"publish","type":"product","link":"https:\/\/www.sweetmaloryne.com\/boutique\/produit\/fleur-nicole-sur-socle-en-metal-rouille-1-boule-en-verre-o7cm-divers-coloris-o34xh-104cm\/","title":{"rendered":"Fleur Nicole sur Socle en M\u00e9tal Rouill\u00e9, 1 Boule en Verre \u00f87cm, Divers Coloris, \u00f834xH.104cm"},"content":{"rendered":"","protected":false},"excerpt":{"rendered":"","protected":false},"featured_media":48647,"template":"","meta":[],"product_brand":[],"product_cat":[19,40,890,883],"product_tag":[],"class_list":{"0":"post-48638","1":"product","2":"type-product","3":"status-publish","4":"has-post-thumbnail","6":"product_cat-decoration","7":"product_cat-jardin","8":"product_cat-ornement-a-poser-jardin","9":"product_cat-ornement-en-corten-a-poser","10":"pa_couleur-jaune","11":"pa_couleur-3a-rose","12":"pa_couleur-a2-rouge","13":"description-off","15":"first","16":"instock","17":"shipping-taxable","18":"purchasable","19":"product-type-variable"},"_links":{"self":[{"href":"https:\/\/www.sweetmaloryne.com\/boutique\/wp-json\/wp\/v2\/product\/48638","targetHints":{"allow":["GET"]}}],"collection":[{"href":"https:\/\/www.sweetmaloryne.com\/boutique\/wp-json\/wp\/v2\/product"}],"about":[{"href":"https:\/\/www.sweetmaloryne.com\/boutique\/wp-json\/wp\/v2\/types\/product"}],"wp:featuredmedia":[{"embeddable":true,"href":"https:\/\/www.sweetmaloryne.com\/boutique\/wp-json\/wp\/v2\/media\/48647"}],"wp:attachment":[{"href":"https:\/\/www.sweetmaloryne.com\/boutique\/wp-json\/wp\/v2\/media?parent=48638"}],"wp:term":[{"taxonomy":"product_brand","embeddable":true,"href":"https:\/\/www.sweetmaloryne.com\/boutique\/wp-json\/wp\/v2\/product_brand?post=48638"},{"taxonomy":"product_cat","embeddable":true,"href":"https:\/\/www.sweetmaloryne.com\/boutique\/wp-json\/wp\/v2\/product_cat?post=48638"},{"taxonomy":"product_tag","embeddable":true,"href":"https:\/\/www.sweetmaloryne.com\/boutique\/wp-json\/wp\/v2\/product_tag?post=48638"}],"curies":[{"name":"wp","href":"https:\/\/api.w.org\/{rel}","templated":true}]}}