{"id":48741,"date":"2025-09-19T09:27:09","date_gmt":"2025-09-19T07:27:09","guid":{"rendered":"https:\/\/www.sweetmaloryne.com\/boutique\/?post_type=product&#038;p=48741"},"modified":"2026-03-06T12:04:04","modified_gmt":"2026-03-06T11:04:04","slug":"fleurs-zoe-sur-socle-en-metal-rouille-1-fleur-en-verre-o23cm-et-1-fleur-en-verre-o165cm-divers-coloris-o44xh-116cm","status":"publish","type":"product","link":"https:\/\/www.sweetmaloryne.com\/boutique\/produit\/fleurs-zoe-sur-socle-en-metal-rouille-1-fleur-en-verre-o23cm-et-1-fleur-en-verre-o165cm-divers-coloris-o44xh-116cm\/","title":{"rendered":"Fleurs \u00ab\u00a0Zo\u00e9\u00a0\u00bb sur Socle en M\u00e9tal Rouill\u00e9, 1 Fleur en Verre \u00f823cm et 1 Fleur en Verre \u00f816,5cm, Divers Coloris, \u00f844xH.116cm"},"content":{"rendered":"","protected":false},"excerpt":{"rendered":"<p id=\"tw-target-text\" class=\"tw-data-text tw-text-large tw-ta\" dir=\"ltr\" data-placeholder=\"Traduction\" data-ved=\"2ahUKEwis68fih56PAxWfKvsDHUlUNssQ3ewLegQIChAV\" aria-label=\"Texte traduit\u00a0: Informations\u00a0: La fleur en verre est livr\u00e9e avec une flore en verre amovible. Celle-ci est actuellement disponible uniquement en rose. D'autres coloris sont en cours de d\u00e9veloppement. D\u00e8s que de nouvelles couleurs seront disponibles, vous pourrez les commander imm\u00e9diatement sur notre boutique en ligne. Les dimensions peuvent varier l\u00e9g\u00e8rement en raison du proc\u00e9d\u00e9 de fabrication. Dimensions\u00a0: H\u00a0: 78\u00a0cm, l\u00a0: 28\u00a0cm Flora en verre\u00a0: diam\u00e8tre\u00a0: environ 23\u00a0cm Tous nos globes, assiettes \u00e0 fleurs, fleurs et flores en verre sont souffl\u00e9s \u00e0 la bouche et fabriqu\u00e9s \u00e0 la main. Par cons\u00e9quent, des variations de couleur et de motif peuvent survenir.\"><span class=\"Y2IQFc\" lang=\"fr\">Toues les assiettes \u00e0 fleurs en verre sont souffl\u00e9s \u00e0 la bouche et fabriqu\u00e9s \u00e0 la main. <\/span><\/p>\n<p class=\"tw-data-text tw-text-large tw-ta\" dir=\"ltr\" data-placeholder=\"Traduction\" data-ved=\"2ahUKEwis68fih56PAxWfKvsDHUlUNssQ3ewLegQIChAV\" aria-label=\"Texte traduit\u00a0: Informations\u00a0: La fleur en verre est livr\u00e9e avec une flore en verre amovible. Celle-ci est actuellement disponible uniquement en rose. D'autres coloris sont en cours de d\u00e9veloppement. D\u00e8s que de nouvelles couleurs seront disponibles, vous pourrez les commander imm\u00e9diatement sur notre boutique en ligne. Les dimensions peuvent varier l\u00e9g\u00e8rement en raison du proc\u00e9d\u00e9 de fabrication. Dimensions\u00a0: H\u00a0: 78\u00a0cm, l\u00a0: 28\u00a0cm Flora en verre\u00a0: diam\u00e8tre\u00a0: environ 23\u00a0cm Tous nos globes, assiettes \u00e0 fleurs, fleurs et flores en verre sont souffl\u00e9s \u00e0 la bouche et fabriqu\u00e9s \u00e0 la main. Par cons\u00e9quent, des variations de couleur et de motif peuvent survenir.\"><span class=\"Y2IQFc\" lang=\"fr\">Par cons\u00e9quent, des variations de couleur et de motif peuvent survenir.<\/span><\/p>\n","protected":false},"featured_media":48747,"template":"","meta":[],"product_brand":[],"product_cat":[19,40,658,890,883],"product_tag":[],"class_list":{"0":"post-48741","1":"product","2":"type-product","3":"status-publish","4":"has-post-thumbnail","6":"product_cat-decoration","7":"product_cat-jardin","8":"product_cat-nouveautes","9":"product_cat-ornement-a-poser-jardin","10":"product_cat-ornement-en-corten-a-poser","11":"pa_couleur-bleu","12":"pa_couleur-jaune","13":"pa_couleur-3a-rose","14":"pa_couleur-a2-rouge","15":"pa_couleur-cb-vert","16":"description-off","18":"first","19":"instock","20":"shipping-taxable","21":"purchasable","22":"product-type-variable"},"_links":{"self":[{"href":"https:\/\/www.sweetmaloryne.com\/boutique\/wp-json\/wp\/v2\/product\/48741","targetHints":{"allow":["GET"]}}],"collection":[{"href":"https:\/\/www.sweetmaloryne.com\/boutique\/wp-json\/wp\/v2\/product"}],"about":[{"href":"https:\/\/www.sweetmaloryne.com\/boutique\/wp-json\/wp\/v2\/types\/product"}],"wp:featuredmedia":[{"embeddable":true,"href":"https:\/\/www.sweetmaloryne.com\/boutique\/wp-json\/wp\/v2\/media\/48747"}],"wp:attachment":[{"href":"https:\/\/www.sweetmaloryne.com\/boutique\/wp-json\/wp\/v2\/media?parent=48741"}],"wp:term":[{"taxonomy":"product_brand","embeddable":true,"href":"https:\/\/www.sweetmaloryne.com\/boutique\/wp-json\/wp\/v2\/product_brand?post=48741"},{"taxonomy":"product_cat","embeddable":true,"href":"https:\/\/www.sweetmaloryne.com\/boutique\/wp-json\/wp\/v2\/product_cat?post=48741"},{"taxonomy":"product_tag","embeddable":true,"href":"https:\/\/www.sweetmaloryne.com\/boutique\/wp-json\/wp\/v2\/product_tag?post=48741"}],"curies":[{"name":"wp","href":"https:\/\/api.w.org\/{rel}","templated":true}]}}