{"id":50171,"date":"2025-09-26T09:46:16","date_gmt":"2025-09-26T07:46:16","guid":{"rendered":"https:\/\/www.sweetmaloryne.com\/boutique\/?post_type=product&#038;p=50171"},"modified":"2025-09-26T09:50:10","modified_gmt":"2025-09-26T07:50:10","slug":"boucles-pomme-de-pin-avec-perles-a-facettes-vertes-acier-inoxydable","status":"publish","type":"product","link":"https:\/\/www.sweetmaloryne.com\/boutique\/produit\/boucles-pomme-de-pin-avec-perles-a-facettes-vertes-acier-inoxydable\/","title":{"rendered":"Boucles Pomme de Pin avec Perles \u00e0 Facettes Vertes, Acier Inoxydable\u00a0"},"content":{"rendered":"","protected":false},"excerpt":{"rendered":"<p>Boucles pomme de pin perles facettes clous acier inoxydable<\/p>\n<p>Des boucles fines et originales, tendance minimaliste chic.<\/p>\n<p>\u263c Pendentif pomme de pin env. 18 mm x 6 mm, laiton champagne dor\u00e9.<br \/>\n\u263c Montage sur attaches clous disque martel\u00e9s, diam\u00e8tre 10 mm en acier inoxydable.<br \/>\n\u263c Perles facettes goutte env 12 mm.<br \/>\n\u263c Longueur totale : 7,5 cm environ<br \/>\n\u263c Poids : 4g la boucle<\/p>\n<p>Composition :<br \/>\nAcier inoxydable<br \/>\nPerles en verre<\/p>\n<p>\ud83c\udf81 Une pi\u00e8ce originale \u00e0 offrir ou \u00e0 s\u2019offrir<\/p>\n","protected":false},"featured_media":50177,"template":"","meta":[],"product_brand":[],"product_cat":[24,55,20],"product_tag":[],"class_list":{"0":"post-50171","1":"product","2":"type-product","3":"status-publish","4":"has-post-thumbnail","6":"product_cat-bijoux","7":"product_cat-boucles-d-oreilles","8":"product_cat-lifestyle","9":"description-off","11":"first","12":"instock","13":"shipping-taxable","14":"purchasable","15":"product-type-simple"},"_links":{"self":[{"href":"https:\/\/www.sweetmaloryne.com\/boutique\/wp-json\/wp\/v2\/product\/50171","targetHints":{"allow":["GET"]}}],"collection":[{"href":"https:\/\/www.sweetmaloryne.com\/boutique\/wp-json\/wp\/v2\/product"}],"about":[{"href":"https:\/\/www.sweetmaloryne.com\/boutique\/wp-json\/wp\/v2\/types\/product"}],"wp:featuredmedia":[{"embeddable":true,"href":"https:\/\/www.sweetmaloryne.com\/boutique\/wp-json\/wp\/v2\/media\/50177"}],"wp:attachment":[{"href":"https:\/\/www.sweetmaloryne.com\/boutique\/wp-json\/wp\/v2\/media?parent=50171"}],"wp:term":[{"taxonomy":"product_brand","embeddable":true,"href":"https:\/\/www.sweetmaloryne.com\/boutique\/wp-json\/wp\/v2\/product_brand?post=50171"},{"taxonomy":"product_cat","embeddable":true,"href":"https:\/\/www.sweetmaloryne.com\/boutique\/wp-json\/wp\/v2\/product_cat?post=50171"},{"taxonomy":"product_tag","embeddable":true,"href":"https:\/\/www.sweetmaloryne.com\/boutique\/wp-json\/wp\/v2\/product_tag?post=50171"}],"curies":[{"name":"wp","href":"https:\/\/api.w.org\/{rel}","templated":true}]}}