{"id":50631,"date":"2025-10-16T11:17:45","date_gmt":"2025-10-16T09:17:45","guid":{"rendered":"https:\/\/www.sweetmaloryne.com\/boutique\/?post_type=product&#038;p=50631"},"modified":"2025-10-16T11:22:28","modified_gmt":"2025-10-16T09:22:28","slug":"bracelet-argente-avec-pendentif-rond-12mm-en-acier-inoxydable-et-fleur-sechee-rose-clair-en-inclusion-avec-de-la-resine","status":"publish","type":"product","link":"https:\/\/www.sweetmaloryne.com\/boutique\/produit\/bracelet-argente-avec-pendentif-rond-12mm-en-acier-inoxydable-et-fleur-sechee-rose-clair-en-inclusion-avec-de-la-resine\/","title":{"rendered":"Bracelet Argent\u00e9 avec Pendentif Rond 12mm en Acier Inoxydable et Fleur S\u00e9ch\u00e9e Rose Clair en inclusion avec de la R\u00e9sine."},"content":{"rendered":"","protected":false},"excerpt":{"rendered":"<div data-v-c86a16ce=\"\">\n<div data-v-cbba9010=\"\" data-v-c86a16ce=\"\">\n<div class=\"rich-description ds-text-base ds-text-neutral-900 text-collapsed\" data-v-cbba9010=\"\">\n<div data-v-cbba9010=\"\" data-v-c86a16ce=\"\">\n<div class=\"rich-description ds-text-base ds-text-neutral-900 gradient-ellipsis\" data-v-cbba9010=\"\">\n<div data-v-cbba9010=\"\" data-v-14144bb6=\"\">\n<div class=\"rich-description ds-text-base ds-text-neutral-900 gradient-ellipsis\" data-v-cbba9010=\"\">\n<h4 class=\"ak-heading--4 ds-text-primary\" data-v-31657ff4=\"\" data-v-14144bb6=\"\">Description<\/h4>\n<div data-v-cbba9010=\"\" data-v-14144bb6=\"\">\n<div class=\"rich-description ds-text-base ds-text-neutral-900 gradient-ellipsis\" data-v-cbba9010=\"\">Bracelet avec pendentif rond 12mm en acier inoxydable et fleur s\u00e9ch\u00e9e en inclusion avec de la r\u00e9sine.<\/p>\n<p>Le pendentif est r\u00e9alis\u00e9 \u00e0 la main avec des fleurs s\u00e9ch\u00e9es naturelles int\u00e9gr\u00e9es \u00e0 de la r\u00e9sine, chaque pi\u00e8ce est donc unique et pr\u00e9sente ses propres irr\u00e9gularit\u00e9s (variations de couleur et de taille des fleurs)<\/p>\n<p>Collier et bague de la m\u00eame parure \u00e9galement disponibles<\/p>\n<p>Longueur du bracelet 14 cm plus une chainette de 4 cm pour ajuster \u00e0 la taille du poignet, fermoir homard<\/p><\/div>\n<\/div>\n<\/div>\n<\/div>\n<\/div>\n<\/div>\n<p>&nbsp;<\/p>\n<p>\ud83e\udef6\ud83c\udffb Fabrication :<br \/>\nTous les bijoux sont imagin\u00e9s et assembl\u00e9s avec amour par Mana\u00efck dans son petit atelier normand.<\/p>\n<p>\u2728 Composition :<br \/>\nLa collection dans son ensemble est en acier inoxydable et acier inoxydable dor\u00e9 \u00e0 l\u2019or fin (sans nickel, sans plomb, hypoallerg\u00e9nique), pour une qualit\u00e9 waterproof et r\u00e9sistante au quotidien.<\/p>\n<p>\ud83d\udc8e Conseil d&rsquo;entretien :<br \/>\nAfin de pr\u00e9server la beaut\u00e9 de vos petits pr\u00e9cieux et de prolonger leur dur\u00e9e de vie, il est conseill\u00e9 d&rsquo;\u00e9viter tout contact avec les parfums ou les cr\u00e8mes. Il est \u00e9galement conseill\u00e9 de les retirer lors des activit\u00e9s physiques<\/p>\n<\/div>\n<div data-v-cbba9010=\"\"><\/div>\n<\/div>\n<div class=\"variant-shape-properties\" data-v-8468e13d=\"\" data-v-c86a16ce=\"\">\n<div class=\"variant-shape-properties__section\" data-v-8468e13d=\"\">\n<p><strong data-v-8468e13d=\"\">Poids<\/strong><\/p>\n<p data-v-8468e13d=\"\">25 g<\/p>\n<\/div>\n<\/div>\n<\/div>\n<p>&nbsp;<\/p>\n","protected":false},"featured_media":50633,"template":"","meta":[],"product_brand":[932],"product_cat":[24,49,20],"product_tag":[],"class_list":{"0":"post-50631","1":"product","2":"type-product","3":"status-publish","4":"has-post-thumbnail","6":"product_brand-manacreations","7":"product_cat-bijoux","8":"product_cat-bracelets","9":"product_cat-lifestyle","10":"description-off","12":"first","13":"instock","14":"shipping-taxable","15":"purchasable","16":"product-type-simple"},"_links":{"self":[{"href":"https:\/\/www.sweetmaloryne.com\/boutique\/wp-json\/wp\/v2\/product\/50631","targetHints":{"allow":["GET"]}}],"collection":[{"href":"https:\/\/www.sweetmaloryne.com\/boutique\/wp-json\/wp\/v2\/product"}],"about":[{"href":"https:\/\/www.sweetmaloryne.com\/boutique\/wp-json\/wp\/v2\/types\/product"}],"wp:featuredmedia":[{"embeddable":true,"href":"https:\/\/www.sweetmaloryne.com\/boutique\/wp-json\/wp\/v2\/media\/50633"}],"wp:attachment":[{"href":"https:\/\/www.sweetmaloryne.com\/boutique\/wp-json\/wp\/v2\/media?parent=50631"}],"wp:term":[{"taxonomy":"product_brand","embeddable":true,"href":"https:\/\/www.sweetmaloryne.com\/boutique\/wp-json\/wp\/v2\/product_brand?post=50631"},{"taxonomy":"product_cat","embeddable":true,"href":"https:\/\/www.sweetmaloryne.com\/boutique\/wp-json\/wp\/v2\/product_cat?post=50631"},{"taxonomy":"product_tag","embeddable":true,"href":"https:\/\/www.sweetmaloryne.com\/boutique\/wp-json\/wp\/v2\/product_tag?post=50631"}],"curies":[{"name":"wp","href":"https:\/\/api.w.org\/{rel}","templated":true}]}}