{"id":54007,"date":"2026-04-16T15:29:10","date_gmt":"2026-04-16T13:29:10","guid":{"rendered":"https:\/\/www.sweetmaloryne.com\/boutique\/?post_type=product&#038;p=54007"},"modified":"2026-04-16T15:31:27","modified_gmt":"2026-04-16T13:31:27","slug":"savon-125gr-a-lhuile-dolive-je-taime-maman","status":"publish","type":"product","link":"https:\/\/www.sweetmaloryne.com\/boutique\/produit\/savon-125gr-a-lhuile-dolive-je-taime-maman\/","title":{"rendered":"Savon 125gr \u00e0 l&rsquo;Huile d&rsquo;Olive \u00ab\u00a0JE T&rsquo;AIME MAMAN\u00a0\u00bb"},"content":{"rendered":"","protected":false},"excerpt":{"rendered":"<p>SAVON \u00c0 L&rsquo;HUILE D&rsquo;OLIVE BIO JE T&rsquo;AIME MAMAN<\/p>\n<p>Imprim\u00e9 : \u00ab\u00a0Je t&rsquo;aime Maman\u00a0\u00bb<\/p>\n<p>125 gr<\/p>\n<p>L&rsquo;huile d&rsquo;olive bio, ingr\u00e9dient principal, hydrate et r\u00e9g\u00e9n\u00e8re la peau en profondeur. Une exp\u00e9rience de bain douce et enveloppante.<\/p>\n","protected":false},"featured_media":54008,"template":"","meta":[],"product_brand":[],"product_cat":[949,658],"product_tag":[],"class_list":{"0":"post-54007","1":"product","2":"type-product","3":"status-publish","4":"has-post-thumbnail","6":"product_cat-fetes-des-meres","7":"product_cat-nouveautes","8":"description-off","10":"first","11":"instock","12":"shipping-taxable","13":"purchasable","14":"product-type-simple"},"_links":{"self":[{"href":"https:\/\/www.sweetmaloryne.com\/boutique\/wp-json\/wp\/v2\/product\/54007","targetHints":{"allow":["GET"]}}],"collection":[{"href":"https:\/\/www.sweetmaloryne.com\/boutique\/wp-json\/wp\/v2\/product"}],"about":[{"href":"https:\/\/www.sweetmaloryne.com\/boutique\/wp-json\/wp\/v2\/types\/product"}],"wp:featuredmedia":[{"embeddable":true,"href":"https:\/\/www.sweetmaloryne.com\/boutique\/wp-json\/wp\/v2\/media\/54008"}],"wp:attachment":[{"href":"https:\/\/www.sweetmaloryne.com\/boutique\/wp-json\/wp\/v2\/media?parent=54007"}],"wp:term":[{"taxonomy":"product_brand","embeddable":true,"href":"https:\/\/www.sweetmaloryne.com\/boutique\/wp-json\/wp\/v2\/product_brand?post=54007"},{"taxonomy":"product_cat","embeddable":true,"href":"https:\/\/www.sweetmaloryne.com\/boutique\/wp-json\/wp\/v2\/product_cat?post=54007"},{"taxonomy":"product_tag","embeddable":true,"href":"https:\/\/www.sweetmaloryne.com\/boutique\/wp-json\/wp\/v2\/product_tag?post=54007"}],"curies":[{"name":"wp","href":"https:\/\/api.w.org\/{rel}","templated":true}]}}