{"id":54306,"date":"2026-04-23T15:53:30","date_gmt":"2026-04-23T13:53:30","guid":{"rendered":"https:\/\/www.sweetmaloryne.com\/boutique\/?post_type=product&#038;p=54306"},"modified":"2026-04-23T15:55:35","modified_gmt":"2026-04-23T13:55:35","slug":"cheval-a-bascule-en-bois-et-metal-rouille-sur-socle-70xh-60cm","status":"publish","type":"product","link":"https:\/\/www.sweetmaloryne.com\/boutique\/produit\/cheval-a-bascule-en-bois-et-metal-rouille-sur-socle-70xh-60cm\/","title":{"rendered":"Cheval \u00e0 Bascule en Bois et M\u00e9tal Rouill\u00e9 sur Socle 70xH.60cm"},"content":{"rendered":"","protected":false},"excerpt":{"rendered":"","protected":false},"featured_media":54308,"template":"","meta":[],"product_brand":[],"product_cat":[881,19,40,658,23,890,883],"product_tag":[],"class_list":{"0":"post-54306","1":"product","2":"type-product","3":"status-publish","4":"has-post-thumbnail","6":"product_cat-animaux-decoratifs","7":"product_cat-decoration","8":"product_cat-jardin","9":"product_cat-nouveautes","10":"product_cat-objets-deco","11":"product_cat-ornement-a-poser-jardin","12":"product_cat-ornement-en-corten-a-poser","13":"description-off","15":"first","16":"instock","17":"shipping-taxable","18":"purchasable","19":"product-type-simple"},"_links":{"self":[{"href":"https:\/\/www.sweetmaloryne.com\/boutique\/wp-json\/wp\/v2\/product\/54306","targetHints":{"allow":["GET"]}}],"collection":[{"href":"https:\/\/www.sweetmaloryne.com\/boutique\/wp-json\/wp\/v2\/product"}],"about":[{"href":"https:\/\/www.sweetmaloryne.com\/boutique\/wp-json\/wp\/v2\/types\/product"}],"wp:featuredmedia":[{"embeddable":true,"href":"https:\/\/www.sweetmaloryne.com\/boutique\/wp-json\/wp\/v2\/media\/54308"}],"wp:attachment":[{"href":"https:\/\/www.sweetmaloryne.com\/boutique\/wp-json\/wp\/v2\/media?parent=54306"}],"wp:term":[{"taxonomy":"product_brand","embeddable":true,"href":"https:\/\/www.sweetmaloryne.com\/boutique\/wp-json\/wp\/v2\/product_brand?post=54306"},{"taxonomy":"product_cat","embeddable":true,"href":"https:\/\/www.sweetmaloryne.com\/boutique\/wp-json\/wp\/v2\/product_cat?post=54306"},{"taxonomy":"product_tag","embeddable":true,"href":"https:\/\/www.sweetmaloryne.com\/boutique\/wp-json\/wp\/v2\/product_tag?post=54306"}],"curies":[{"name":"wp","href":"https:\/\/api.w.org\/{rel}","templated":true}]}}