{"id":54538,"date":"2026-05-09T10:19:01","date_gmt":"2026-05-09T08:19:01","guid":{"rendered":"https:\/\/www.sweetmaloryne.com\/boutique\/?post_type=product&#038;p=54538"},"modified":"2026-05-09T10:19:01","modified_gmt":"2026-05-09T08:19:01","slug":"attrape-soleil-decor-prismatique-arc-en-ciel-h-315cm","status":"publish","type":"product","link":"https:\/\/www.sweetmaloryne.com\/boutique\/produit\/attrape-soleil-decor-prismatique-arc-en-ciel-h-315cm\/","title":{"rendered":"Attrape-Soleil  \u2013 D\u00e9cor Prismatique Arc\u2011en\u2011Ciel H.31,5cm"},"content":{"rendered":"","protected":false},"excerpt":{"rendered":"<p>Laissez le soleil faire la magie.<\/p>\n<p>Suspendez\u2011le \u00e0 une fen\u00eatre et observez les r\u00e9flexions des prismes de cristal disperser une d\u00e9coration arc\u2011en\u2011ciel dans votre espace, cr\u00e9ant joie, calme et charme espi\u00e8gle \u00e0 chaque rayon de lumi\u00e8re \ud83c\udf08\ud83d\udcab<\/p>\n","protected":false},"featured_media":54540,"template":"","meta":[],"product_brand":[],"product_cat":[19,658,53],"product_tag":[],"class_list":{"0":"post-54538","1":"product","2":"type-product","3":"status-publish","4":"has-post-thumbnail","6":"product_cat-decoration","7":"product_cat-nouveautes","8":"product_cat-pendentifs","9":"description-off","11":"first","12":"instock","13":"shipping-taxable","14":"purchasable","15":"product-type-simple"},"_links":{"self":[{"href":"https:\/\/www.sweetmaloryne.com\/boutique\/wp-json\/wp\/v2\/product\/54538","targetHints":{"allow":["GET"]}}],"collection":[{"href":"https:\/\/www.sweetmaloryne.com\/boutique\/wp-json\/wp\/v2\/product"}],"about":[{"href":"https:\/\/www.sweetmaloryne.com\/boutique\/wp-json\/wp\/v2\/types\/product"}],"wp:featuredmedia":[{"embeddable":true,"href":"https:\/\/www.sweetmaloryne.com\/boutique\/wp-json\/wp\/v2\/media\/54540"}],"wp:attachment":[{"href":"https:\/\/www.sweetmaloryne.com\/boutique\/wp-json\/wp\/v2\/media?parent=54538"}],"wp:term":[{"taxonomy":"product_brand","embeddable":true,"href":"https:\/\/www.sweetmaloryne.com\/boutique\/wp-json\/wp\/v2\/product_brand?post=54538"},{"taxonomy":"product_cat","embeddable":true,"href":"https:\/\/www.sweetmaloryne.com\/boutique\/wp-json\/wp\/v2\/product_cat?post=54538"},{"taxonomy":"product_tag","embeddable":true,"href":"https:\/\/www.sweetmaloryne.com\/boutique\/wp-json\/wp\/v2\/product_tag?post=54538"}],"curies":[{"name":"wp","href":"https:\/\/api.w.org\/{rel}","templated":true}]}}