{"id":8925,"date":"2021-06-16T09:22:22","date_gmt":"2021-06-16T07:22:22","guid":{"rendered":"https:\/\/www.sweetmaloryne.com\/boutique\/?post_type=product&#038;p=8925"},"modified":"2025-07-24T15:40:02","modified_gmt":"2025-07-24T13:40:02","slug":"sac-rond-ethnique-anse-40cm-et","status":"publish","type":"product","link":"https:\/\/www.sweetmaloryne.com\/boutique\/produit\/sac-rond-ethnique-anse-40cm-et\/","title":{"rendered":"Sac Rond Ethnique Anse 40cm et +"},"content":{"rendered":"<p><strong>Mati\u00e8re :\u00a0<\/strong>PU et polyester<\/p>\n<p>Sac rond 1 grande anse en PU marron r\u00e9glable, tissu motifs g\u00e9om\u00e9triques et frange noire, herbier marin doublure et frange 100% polyester<\/p>\n","protected":false},"excerpt":{"rendered":"<p>Mati\u00e8re :\u00a0PU et polyester Sac rond 1 grande anse en PU marron r\u00e9glable, tissu motifs g\u00e9om\u00e9triques et frange noire, herbier marin doublure et frange 100% polyester<\/p>\n","protected":false},"featured_media":8926,"template":"","meta":[],"product_brand":[],"product_cat":[20,30],"product_tag":[],"class_list":{"0":"post-8925","1":"product","2":"type-product","3":"status-publish","4":"has-post-thumbnail","6":"product_cat-lifestyle","7":"product_cat-sacs-et-pochettes","8":"description-off","10":"first","11":"instock","12":"shipping-taxable","13":"purchasable","14":"product-type-simple"},"_links":{"self":[{"href":"https:\/\/www.sweetmaloryne.com\/boutique\/wp-json\/wp\/v2\/product\/8925","targetHints":{"allow":["GET"]}}],"collection":[{"href":"https:\/\/www.sweetmaloryne.com\/boutique\/wp-json\/wp\/v2\/product"}],"about":[{"href":"https:\/\/www.sweetmaloryne.com\/boutique\/wp-json\/wp\/v2\/types\/product"}],"wp:featuredmedia":[{"embeddable":true,"href":"https:\/\/www.sweetmaloryne.com\/boutique\/wp-json\/wp\/v2\/media\/8926"}],"wp:attachment":[{"href":"https:\/\/www.sweetmaloryne.com\/boutique\/wp-json\/wp\/v2\/media?parent=8925"}],"wp:term":[{"taxonomy":"product_brand","embeddable":true,"href":"https:\/\/www.sweetmaloryne.com\/boutique\/wp-json\/wp\/v2\/product_brand?post=8925"},{"taxonomy":"product_cat","embeddable":true,"href":"https:\/\/www.sweetmaloryne.com\/boutique\/wp-json\/wp\/v2\/product_cat?post=8925"},{"taxonomy":"product_tag","embeddable":true,"href":"https:\/\/www.sweetmaloryne.com\/boutique\/wp-json\/wp\/v2\/product_tag?post=8925"}],"curies":[{"name":"wp","href":"https:\/\/api.w.org\/{rel}","templated":true}]}}